?
1
Suppose 218 = 2*n + 30. Let a = n - 53. What is the units digit of a?
1
Suppose 10*u + 5*f = 5*u + 525, 4*u - 4*f = 452. What is the tens digit of u?
0
Let n(f) = 9*f**2 - 51*f - 14. What is the thousands digit of n(-10)?
1
Suppose 0 = -6*c + 482 + 3976. What is the units digit of c?
3
Suppose 13546 = -33*x + 110434. What is the units digit of x?
6
Let d be ((-9)/2)/(2/(-4)). Let l = d + -3. What is the units digit of l?
6
Let c = -67 - -59. Let w(j) = -j**3 - 9*j**2 - 10*j + 13. What is the units digit of w(c)?
9
Let b(p) = 28*p**2 + 7*p**2 + 3 - 7*p + 11*p. What is the units digit of b(-1)?
4
Suppose 2*f + 9 = -5*t + 31, 4*t + 3*f - 19 = 0. Suppose -t*g + 100 = -g + 2*l, 152 = 4*g - 2*l. What is the units digit of g?
6
Let u be (0 + 600)/(5/10). Let x be 27/(-12)*u/(-18). Suppose 4*j = -j + x. What is the tens digit of j?
3
Let y = -601 + 2185. What is the tens digit of y?
8
Let d be -3 + (1 - (-5 + 3)). Suppose d = t - 5*t + 44. Let n(r) = -r**3 + 12*r**2 - 10*r - 3. What is the units digit of n(t)?
8
Let f(n) = 13*n. Let d(r) = 38*r + 1. Let l(u) = 6*d(u) - 17*f(u). Let x be l(-5). Let v = x + 41. What is the tens digit of v?
1
Let q = 85 - 41. Let z be (-48)/(-21) + 2/(-7). Suppose -z*d + q = -0*d. What is the units digit of d?
2
Let i(o) be the third derivative of -229*o**4/24 - 3*o**3/2 - 31*o**2. What is the units digit of i(-1)?
0
Let r(p) be the second derivative of -1/6*p**3 + 1/12*p**4 + 0 - 1/2*p**2 + 5*p. What is the units digit of r(2)?
1
Suppose 22 = 4*x + 30. Let y = x - 0. What is the units digit of ((-1)/y)/((-1)/(-56))?
8
Let y = 11 + -8. Let w be 2/y*5*3. What is the units digit of w + ((-4)/4 - -3)?
2
Suppose o - 9 = -2*o. Suppose 6*w = w - o*n + 175, 5*n + 71 = 3*w. What is the tens digit of 117/(-52)*w/(-3)?
2
Let o = 1279 + -1106. What is the tens digit of o?
7
Let p(v) = -2*v**3 + v + 755. What is the tens digit of p(0)?
5
Let v(k) = -k + 11. Let f be v(8). Suppose f*l + 14 = 2*s - s, 2 = -l. Suppose -8*n = -7*n - s. What is the units digit of n?
8
Suppose 0 = 5*p - 0*p - 30. Suppose -5*q + p + 14 = 0. Let k = 14 + q. What is the tens digit of k?
1
What is the tens digit of 32/6 + 30/(-90) - -2774?
7
Let k(l) be the second derivative of l**4/12 + 5*l**3/6 + 14*l**2 + 39*l. What is the units digit of k(-18)?
2
Let u(w) = w**3 + 6*w**2 + 6*w + 8. Let k be u(-5). Suppose 6*g = k*g + 684. What is the hundreds digit of g?
2
Let k(z) = 4*z**2 + 2*z + 2. Suppose -2 = 3*f + 7. What is the units digit of k(f)?
2
Suppose 4*y - 666 = -5*f + 445, 1440 = 5*y - 4*f. What is the hundreds digit of y?
2
Let p(u) = 51*u + 37. What is the units digit of p(34)?
1
Let o(s) = s**2 - 7*s - 6. Let c be o(6). Let u(h) = -h**3 - 9*h**2 + 28*h + 13. What is the hundreds digit of u(c)?
1
Suppose 4*k + 2*q - 165 = 63, -4*q = 4*k - 224. What is the tens digit of k?
5
Suppose -33*x + 28*x = -8140. What is the tens digit of x?
2
Suppose 5419 = 2*f + 5*a, -1622 = -f + 2*a + 1101. What is the hundreds digit of f?
7
Let a be 11 - (4 + -8 + 3). Let j = a - 11. What is the units digit of j?
1
Suppose 1556 = 5*s - 3*u, -4*s - 324 = 5*u - 1591. What is the hundreds digit of s?
3
Suppose 4*p - b - 1296 = 0, 3*b - 404 + 80 = -p. What is the hundreds digit of p?
3
Suppose 11*z + 1558 = 6728. What is the hundreds digit of z?
4
Let l(w) = -w - 1. Let a be l(-4). Suppose 10 = a*g - g. Suppose 0 = -5*y + 160 - g. What is the tens digit of y?
3
Suppose -8*s = -650 - 110. What is the tens digit of s?
9
Suppose 0 = -11*c + 6*c - 25, -1260 = -5*b - 4*c. What is the hundreds digit of b?
2
Let j(d) = 5*d**2 + d + 48. What is the hundreds digit of j(7)?
3
Let m(d) be the first derivative of d**6/30 + d**4/12 - d**3/2 - 2*d**2 + 4. Let n(j) be the second derivative of m(j). What is the tens digit of n(2)?
3
Suppose 2*x = i - x - 518, 0 = 4*i - 2*x - 2052. What is the units digit of i?
2
Let d = 8 - -16. Suppose 298 = 2*i - d. What is the hundreds digit of i?
1
Let w be -28 - (1 + (-2 - -3)). Let x = -82 + 76. Let i = x - w. What is the units digit of i?
4
What is the tens digit of (-61)/6*(-3 - 3)?
6
Suppose 3*u + 4*o + 17 = 43, -2*u - 2*o + 18 = 0. What is the units digit of 4/u - 126/(-35)?
4
What is the units digit of 20/10*(0 + 718)?
6
Let s(y) = 15*y - 74. Let l be s(5). Let x(h) = -2*h**3 - 3*h**2 - 2*h + 2. Let r be x(-2). Let u = l + r. What is the tens digit of u?
1
Let n = 81 + -79. Suppose n*u = -u + 510. What is the tens digit of u?
7
Let f(t) = t**2 - 35. Let y be f(6). Let w(d) = 148*d - 1. What is the tens digit of w(y)?
4
Suppose -4*n + 284 + 510 = -2*d, 5*n = -4*d + 960. Let p = 372 - n. What is the units digit of p?
6
Let t(x) = -x**3 + 21*x**2 - 24*x + 16. What is the units digit of t(19)?
2
Suppose -a = -2*a + 3. Suppose h - a = 25. Let p = -8 + h. What is the units digit of p?
0
Suppose -g = 17 + 2. Let u = g + 23. Suppose 6*p - 52 = u*p - o, 2*p - 50 = -2*o. What is the tens digit of p?
2
Suppose f + 0*q + 4*q = -8, -2*f - 2*q = 10. Let z = f - -4. Suppose 4*g - g - 78 = z. What is the units digit of g?
6
Suppose -g - 5 = -3*n, -n = g + 3*g - 6. Let f = g - -30. What is the tens digit of f?
3
Suppose -8*b + b = -2401. What is the units digit of b?
3
Suppose 3*y + y - 40 = 0. Let w(r) = -r**3 + 13*r**2 - 19*r - 18. What is the units digit of w(y)?
2
Suppose -19*i - 1253 = -7808. What is the tens digit of i?
4
Suppose 4*h + 3 = 703. What is the hundreds digit of h?
1
Let c = 621 + -179. Let l = c - 280. What is the units digit of l?
2
Suppose 0 = 5*k + k - 42. Suppose -k*f = -f - 570. What is the tens digit of f?
9
Suppose -4*g + 8 = -0. Let x be (27/(-18))/(g/24). Let q = x - -23. What is the units digit of q?
5
Suppose -103 = -7*y + 79. Suppose 2*l - f - 39 = y, 2*f - 25 = -l. What is the units digit of l?
1
Let b = -36 + 47. Suppose -b*u + 4*u = -28. What is the units digit of u?
4
What is the tens digit of (-15 + 9 + 1)*-55?
7
Let f = 58 - 5. Suppose -5*c - 2*t + 39 + 94 = 0, -f = -2*c - t. Let v = c + -19. What is the units digit of v?
8
Let o(z) be the first derivative of -3*z**2 - 12*z - 37. What is the units digit of o(-6)?
4
What is the units digit of (-1 + (-1535)/15)*2106/(-65)?
8
Let k(s) = s**2 - 15*s + 2. Let d be k(10). Let p be (d/20)/((-2)/5). What is the units digit of (p/2)/((-9)/(-93))?
1
Let b be -2 + (6/(-2) - -7). Let h(o) = 3*o**2. Let p(t) = -t**2 - t + 1. Let z(w) = b*p(w) + h(w). What is the tens digit of z(6)?
2
Let q be (-1)/2 - (2298/(-4))/3. Suppose -q = -3*a - 20. What is the tens digit of a?
5
Suppose 0*b - b = -3*g - 1441, -4323 = -3*b + 3*g. What is the tens digit of b?
4
Suppose 4*y - 40 = -z - 3*z, -3*y + 5*z = 2. Suppose y*x = -73 - 29. Let k = 26 + x. What is the units digit of k?
9
Let b be (3*-15)/3*1. Let k be b/(-4) - (-3)/12. Suppose 2*j + 44 = k*f - 16, 4*j = 16. What is the tens digit of f?
1
Let s(b) = b**3 + 10*b**2 + 7*b - 3. Let n be s(-9). Let z = 11 + -7. Suppose 0 = a + a - 2*y - 4, -n = -z*a - 3*y. What is the units digit of a?
3
Suppose -461 = -7*a + 148. Let c = -154 + 296. Let p = c - a. What is the units digit of p?
5
What is the tens digit of (-36)/126 + (-181314)/(-49)?
0
Suppose 7*y + 1557 = 388. Let n = -28 - y. What is the tens digit of n?
3
Suppose 4*j + 2 + 12 = 3*l, 0 = -2*l + j + 6. Suppose 7*c = l*c + 20. Suppose -b = -4 - c. What is the units digit of b?
8
Suppose -8*n = -5824 - 2208. What is the hundreds digit of n?
0
Let g be -1*(9/(-6)*-2 - 3). What is the tens digit of (g/4)/(-1) - -172?
7
Let g be 2 - (-17)/(-7) - (-289)/119. Let j = 1 - -16. Suppose j + 27 = g*f. What is the units digit of f?
2
Let d(w) = 8*w**2 - 18. Let u be d(-7). Suppose 5*h - r = -2*r + 467, -u = -4*h - r. What is the units digit of h?
3
Let d = -949 + 1618. What is the units digit of d?
9
Suppose 0 = 4*c + 2*f - 798, c - 4*f + 4 = 208. Suppose -2*r - c = -5*o + 443, -o + 125 = -4*r. Let i = -86 + o. What is the tens digit of i?
4
Suppose 3036 = 5*c - j, -c + 602 = j + 4*j. What is the tens digit of c?
0
Suppose 5*g = -2*g + 12516. What is the thousands digit of g?
1
Let c(g) = -9*g + 27. Let n be c(-12). What is the units digit of 54/n*(65 - 0)?
6
What is the hundreds digit of 338/(-3)*15/4*-2?
8
Let w = 16 + -3. Let m(k) = 26*k**3 + 1 + w*k**3 + 5*k**3. What is the tens digit of m(1)?
4
Let n(i)